{"id":13,"date":"2025-09-24T09:23:52","date_gmt":"2025-09-24T09:23:52","guid":{"rendered":"https:\/\/lanave.fi\/?page_id=13"},"modified":"2026-01-07T19:50:48","modified_gmt":"2026-01-07T19:50:48","slug":"ohjelmat","status":"publish","type":"page","link":"https:\/\/lanave.fi\/?page_id=13","title":{"rendered":"Ohjelmat"},"content":{"rendered":"\n<div style=\"height:var(--wp--preset--spacing--50)\" aria-hidden=\"true\" class=\"wp-block-spacer\"><\/div>\n\n\n\n<div class=\"wp-block-group alignwide has-global-padding is-layout-constrained wp-block-group-is-layout-constrained\">\n<h1 class=\"wp-block-heading alignwide has-text-align-center has-xx-large-font-size\" style=\"line-height:1.2\">TAPAHTUMAT 2026<\/h1>\n\n\n\n<p>Haluatko j\u00e4rjest\u00e4\u00e4 tapahtuman La Navessa? Oletko esiintyj\u00e4 ja keikkaa vailla? Ota yhteytt\u00e4 s\u00e4hk\u00f6postitse restaurantelanave@gmail.com<\/p>\n<\/div>\n\n\n\n<div class=\"wp-block-group alignfull has-global-padding is-layout-constrained wp-container-core-group-is-layout-b25ccd55 wp-block-group-is-layout-constrained\" style=\"margin-top:0;margin-bottom:0;padding-top:var(--wp--preset--spacing--50);padding-right:var(--wp--preset--spacing--50);padding-bottom:var(--wp--preset--spacing--50);padding-left:var(--wp--preset--spacing--50)\">\n<figure class=\"wp-block-table\"><table class=\"has-fixed-layout\"><tbody><tr><td>Ohjelmat 2026<\/td><td>Tulossa<\/td><\/tr><tr><td><\/td><td><\/td><\/tr><\/tbody><\/table><\/figure>\n\n\n\n<p><\/p>\n<\/div>\n\n\n\n<p><\/p>\n","protected":false},"excerpt":{"rendered":"<p>TAPAHTUMAT 2026 Haluatko j\u00e4rjest\u00e4\u00e4 tapahtuman La Navessa? Oletko esiintyj\u00e4 ja keikkaa vailla? Ota yhteytt\u00e4 s\u00e4hk\u00f6postitse restaurantelanave@gmail.com Ohjelmat 2026 Tulossa<\/p>\n","protected":false},"author":1,"featured_media":0,"parent":0,"menu_order":0,"comment_status":"closed","ping_status":"closed","template":"","meta":{"footnotes":""},"class_list":["post-13","page","type-page","status-publish","hentry"],"_links":{"self":[{"href":"https:\/\/lanave.fi\/index.php?rest_route=\/wp\/v2\/pages\/13","targetHints":{"allow":["GET"]}}],"collection":[{"href":"https:\/\/lanave.fi\/index.php?rest_route=\/wp\/v2\/pages"}],"about":[{"href":"https:\/\/lanave.fi\/index.php?rest_route=\/wp\/v2\/types\/page"}],"author":[{"embeddable":true,"href":"https:\/\/lanave.fi\/index.php?rest_route=\/wp\/v2\/users\/1"}],"replies":[{"embeddable":true,"href":"https:\/\/lanave.fi\/index.php?rest_route=%2Fwp%2Fv2%2Fcomments&post=13"}],"version-history":[{"count":70,"href":"https:\/\/lanave.fi\/index.php?rest_route=\/wp\/v2\/pages\/13\/revisions"}],"predecessor-version":[{"id":199,"href":"https:\/\/lanave.fi\/index.php?rest_route=\/wp\/v2\/pages\/13\/revisions\/199"}],"wp:attachment":[{"href":"https:\/\/lanave.fi\/index.php?rest_route=%2Fwp%2Fv2%2Fmedia&parent=13"}],"curies":[{"name":"wp","href":"https:\/\/api.w.org\/{rel}","templated":true}]}}